ded by 10?
9
Suppose v + v - 6 = 0. Suppose -8*m + v*m = -50. Let u = 73 + -36. What is the remainder when u is divided by m?
7
Suppose f - 3*z - 66 = 0, f + z = -3*f + 316. Calculate the remainder when f is divided by 23.
9
Let t be (-2)/4*2 + 2 + 15. Suppose t = 12*b - 8. Calculate the remainder when 7 is divided by b.
1
Suppose -20*f = -25*f - 320. Let k = f + 77. Let l = -3 - -7. What is the remainder when k is divided by l?
1
Let o(t) = 8*t + 26. What is the remainder when 113 is divided by o(3)?
13
Let i(r) = r**2 + 28*r + 50. What is the remainder when 68 is divided by i(-27)?
22
Let r(v) = v**3 - 4*v**2 + 2*v + 2. Suppose 16 = 5*w + 1. Let z be r(w). What is the remainder when 29 is divided by z - -7 - 4/(-2)?
5
Suppose 6 = -l - 2*m, -5*m = 20 - 0. Let d be (453/6)/(l/4). Let c = -90 + d. What is the remainder when c is divided by 21?
19
Let v(h) = -h**3 + h**2 + 5. Let u be v(0). Suppose -2*k = u*k - 70. What is the remainder when 97 is divided by k?
7
Let h = -11 + 16. Suppose t - 4*f = -0*f + 264, 3*t - 758 = -h*f. Calculate the remainder when t is divided by 52.
48
Suppose -16 = -7*d + 3*d. Let c(w) = -w**3 - 3*w**2 - w. What is the remainder when d is divided by c(-3)?
1
Suppose 7*v = 59 + 53. What is the remainder when 24 is divided by v?
8
Let c be (-4)/20 + (-6)/(-5). Calculate the remainder when ((-3)/c + (-49 - -1))/(-1) is divided by 13.
12
Let o(l) = -12*l**3 - 2*l**2 - 2*l - 1. What is the remainder when (-6)/(-33) - 1832/(-88) is divided by o(-1)?
10
Let n(d) = -d**3 - 2*d**2 - 4*d - 3. Suppose -4*q - a + 6*a - 209 = 0, -3*a = 5*q + 289. Let j = -37 - q. Calculate the remainder when j is divided by n(-2).
4
Let r = -1274 + 1290. What is the remainder when 119 is divided by r?
7
What is the remainder when (22 - 69)*3/6*-4 is divided by 35?
24
Let a(s) = -s**3 - 32*s**2 - 35*s - 111. Calculate the remainder when 33 is divided by a(-31).
7
Let v(p) = 2*p**3 + 17*p**2 + 49*p + 528. Let s = 9 + -1. Calculate the remainder when s is divided by v(-9).
2
Let k = 3742 - 2236. What is the remainder when k is divided by 58?
56
Let r be (5 - 0)*-6*3/(-45). What is the remainder when 68 is divided by 9/9*9*r?
14
Suppose -205 - 306 = -3*s - 4*p, -5*p = -4*s + 733. Suppose 0 = 4*w - w - s. Suppose 4*d - 101 = w. Calculate the remainder when d is divided by 14.
12
Let a = 430 + -386. What is the remainder when 137 is divided by a?
5
Let f = 2241 + -1967. Calculate the remainder when f is divided by 33.
10
Let q be 1/(2 + (-102)/50). Let m = 77 + q. What is the remainder when m is divided by 9?
7
Let t = 499 + -359. Calculate the remainder when t is divided by 44.
8
Let v = 7036 + -7026. Suppose -3*a - 60 = 3*n, n - 4 = a - 18. Let x = 10 - n. What is the remainder when x is divided by v?
7
Let n(h) = h**3 + 8*h**2 - 19*h + 21. Calculate the remainder when 197 is divided by n(-10).
10
Let z = 2890 - 2811. What is the remainder when 1184 is divided by z?
78
Let t(b) = 2*b**2 - 13*b - 2. Let c be t(6). Let a = c + 30. Let j = -7 + a. What is the remainder when 44 is divided by j?
14
Let a = 10 + -10. Suppose a = -5*m - 2*w + 4, -5*m + 5 = -2*w - 11. Suppose 0 = -2*t - 12 + 4, 68 = m*z - 5*t. What is the remainder when 45 is divided by z?
21
Let i(g) = -17*g**3 - 2*g**2 - 8*g - 15. Suppose 4*p = -0*p - 3*o + 107, p - 5*o - 21 = 0. Calculate the remainder when i(-2) is divided by p.
25
Let f(w) = 8*w - 5. Let z(n) = -3*n + 2. Let k(l) = 2*f(l) + 5*z(l). Let v = -1 - -9. Calculate the remainder when k(v) is divided by 5.
3
What is the remainder when 163 is divided by -5*91/65*3*-1?
16
Let a(r) = r**3 + 16*r**2 - 4*r - 13. Let g be a(-16). Let j = g + -41. Calculate the remainder when j is divided by 8.
2
Suppose -15*i + 1764 = 21*i. What is the remainder when i is divided by 26?
23
Let t(g) = g**2 + 11*g + 16. Suppose 0*p = -4*p - 48. Calculate the remainder when t(p) is divided by 6.
4
Let q be 16/(-4)*(-2)/(-4). Let y be (2 - 72)*11/q. Suppose -5*f - y = -5*o, o = 3*f - 0*f + 75. What is the remainder when o is divided by 20?
18
Calculate the remainder when ((-518)/(-21) + 0)*6 is divided by 38.
34
Let q(j) = -j**3 + 19*j**2 - 16*j - 24. What is the remainder when 91 is divided by q(18)?
7
Let x(g) = 24*g**2 - 2*g. Let b(t) = -t + 1. Let f(c) = c**2 + 13*c + 2. Let l(n) = -4*b(n) - f(n). What is the remainder when x(-1) is divided by l(-4)?
12
Let m(d) be the first derivative of -d**2/2 + 41*d + 16. What is the remainder when 79 is divided by m(21)?
19
Suppose 324 = -f - 5*f. Let q = 68 + f. Suppose 3*z = -0 + 12. What is the remainder when q is divided by z?
2
Suppose 2*k + 267 = 2*c + 5*k, -c + 2*k = -151. What is the remainder when c is divided by 24?
21
Suppose -16*k + 5 = -11*k. What is the remainder when k/(-2) - 1/((-4)/270) is divided by 34?
33
Suppose 3*x + 18 = 87. Suppose -12 = -5*l + x. What is the remainder when l is divided by 2?
1
Suppose -192*y - 252 = -198*y. Calculate the remainder when 83 is divided by y.
41
Let x be (-4)/(-14) - 1566/42. Let d = x - -151. What is the remainder when d is divided by 23?
22
Let h(t) = -t**3 - 39*t**2 + 80*t - 23. Calculate the remainder when h(-41) is divided by 2.
1
Suppose 2*m + 2 = 44. What is the remainder when 3/6*-3*-26 is divided by m?
18
Calculate the remainder when 1833*(4/5)/(114/95) is divided by 51.
49
Let l(g) = g**3 - 7*g**2 - 6*g - 1. Let k = -117 - -125. Calculate the remainder when 40 is divided by l(k).
10
Let p(x) = -x**3 - 6*x**2 + 8*x + 8. Let t be p(-8). Suppose 2*y = -i + t, -3*i - 3*y = -0*y - 201. Calculate the remainder when i is divided by 21.
20
Let q(g) = g**2 + 7*g - 3. Let y be q(-8). Calculate the remainder when 101 is divided by y + -2 + (49 - 0/1).
49
Let g = -866 + 1006. Let x(c) = 2*c**2 - 3*c - 7. Calculate the remainder when g is divided by x(6).
46
Let g(q) = -q**3 - 54*q**2 + 49*q - 316. What is the remainder when 163 is divided by g(-55)?
9
Let r(a) = -a**3 - 14*a**2 - 8*a + 16. Calculate the remainder when 892 is divided by r(-14).
124
Let s(x) = -x**3 + 15*x**2 - 11*x - 13. What is the remainder when 52 is divided by s(14)?
23
Let t(n) = 2*n + 3. Calculate the remainder when (-2)/17 + 6138/153 is divided by t(10).
17
Calculate the remainder when (796/20 + 8/(-10))*2 is divided by 20.
18
Let n(g) = 9*g + 2. Let f be n(-6). Calculate the remainder when 37 is divided by ((-13)/(f/40))/((-1)/(-2)).
17
Let u = -262 + 267. Suppose 4*n + n - 20 = 0. Suppose -3*q = o - 126, -u = -3*o + n. Calculate the remainder when q is divided by 11.
8
Suppose -6*l = -2*l - 48. Suppose -2*h + l = h - 2*o, 0 = 3*h + o - 21. Calculate the remainder when h is divided by 5/3 + 1/3.
0
Suppose 699 = 9*u - 6*u. Suppose 0 = -8*x + 183 + u. Calculate the remainder when x is divided by 18.
16
Let v = 746 + -740. What is the remainder when v is divided by 1?
0
Let t be 4/1 + 0/(-2). Let l(h) = -11 + 3*h + 0 + t. Calculate the remainder when l(6) is divided by 3.
2
Suppose -u - 123 = -2*p - 50, 0 = -5*p - 3*u + 177. What is the remainder when 141 is divided by p?
33
Let o(k) = k**3 + 10*k**2 - 16*k - 63. Calculate the remainder when 216 is divided by o(-10).
22
Let v(o) = -o**2 + 8*o + 34. Let h be v(11). Let l = 16 - h. Calculate the remainder when l is divided by 4/14 + 80/14.
3
Let a(q) = 4*q - 14. Let p be a(9). Let v = 69 - p. Calculate the remainder when v is divided by 16.
15
Suppose -65*v + 11521 = -24*v. What is the remainder when v is divided by 47?
46
Let u = 3 + 4. Let l(g) = -g + 8. Let z be l(11). Let r = 23 + z. Calculate the remainder when r is divided by u.
6
Let o = 3 + 0. Let m be 0/(o + 10/(-2)). Suppose a + m*a = 30. Calculate the remainder when a is divided by 11.
8
Suppose 2*q = -3*f + 42, f = 5*q - f - 86. Calculate the remainder when 3*(104/24 - -7) is divided by q.
16
Let t = 306 + -285. What is the remainder when 628 is divided by t?
19
Suppose 6*q - 3*q = -4*a + 9, 0 = 3*a. Suppose -f + q*f = 32. What is the remainder when 45 is divided by f?
13
What is the remainder when -5 + 8 + 2 + (444 - 2) is divided by 75?
72
Let t(q) = 5*q - 22. Let r(p) = -p + 53. Calculate the remainder when t(13) is divided by r(42).
10
Let c = 499 + -382. What is the remainder when c is divided by 20?
17
Let w(d) = d**2 - 11*d - 4. What is the remainder when 590 is divided